 6*t - 15. Determine w(5).
15
Let c(o) = 3*o**3 + 3*o**2 + o + 1. Calculate c(-2).
-13
Let j(v) = -v**3 + 21*v**2 + 43*v - 6. What is j(23)?
-75
Let t(g) = 9*g**2 + g - 1. Give t(2).
37
Let a(f) = -f**3 - 2*f**2 + 8*f + 22. Calculate a(-3).
7
Let k(o) = 7*o - 8. Determine k(-7).
-57
Let u(i) = -2*i**3 - 16*i**2 - 14*i - 3. What is u(-7)?
-3
Let f(g) = -2*g + 29. Calculate f(6).
17
Let l(o) = o**3 + 14*o**2 + 35. Calculate l(-14).
35
Let a(m) = -6*m + 2. What is a(3)?
-16
Let o(w) = w**2 - 17*w + 16. What is o(12)?
-44
Let v(t) = t**2 + 27*t + 119. Determine v(-5).
9
Let s(n) = -n**3 - 14*n**2 + 17*n + 34. What is s(-15)?
4
Let u(z) = -z**2 + 28*z - 18. Calculate u(28).
-18
Let c(h) = 2*h**3 + 18*h**2 + 21*h + 37. What is c(-8)?
-3
Let o(k) = k**3 + k**2 + 5*k + 6. Calculate o(-2).
-8
Let k(r) = -r**2 + 55*r - 304. Calculate k(49).
-10
Let t(n) = -29*n - 149. Determine t(-5).
-4
Let g(w) = -w**3 + w**2 - 2*w - 70. Determine g(0).
-70
Let i(s) = 3*s**2 - 8*s + 12. Determine i(6).
72
Let f(g) = g**3 - 9*g**2 + 8*g + 8. Determine f(8).
8
Let b(h) = -5*h + 33. Determine b(9).
-12
Let s(k) = k**2 - 23*k + 47. What is s(21)?
5
Let g(l) = -l**2 + 19*l + 171. Give g(-7).
-11
Let x(d) = -18*d**2 + 161*d - 1. Give x(9).
-10
Let b(x) = x**3 + 17*x**2 + 16*x + 2. Determine b(-16).
2
Let t(i) = 6*i**3 - 2*i + 3. Determine t(1).
7
Let k(v) = 2*v**3 + 2*v**2 - 6*v - 18. Calculate k(-2).
-14
Let w(n) = 10*n + 49. Calculate w(-4).
9
Let f(t) = 39*t**2 - t + 1. Give f(1).
39
Let m(h) = -h + 31. Determine m(17).
14
Let j(k) = k**2 + 4*k + 4. What is j(-5)?
9
Let w(r) = -r**3 - 3*r**2 + 4*r - 7. Calculate w(-4).
-7
Let x(b) = b**3 - 17*b**2 + 9. Determine x(17).
9
Let u(k) = -k**2 + 7*k - 7. Determine u(6).
-1
Let w(z) = z**2 + 3*z - 5. Calculate w(-5).
5
Let v(c) = -c**3 + 5*c**2 + 8. Give v(6).
-28
Let m(d) = -2*d + 11. Give m(5).
1
Let q(g) = -4*g - 12. Give q(-21).
72
Let t(k) = 3*k**2 + 19*k - 3. Calculate t(-6).
-9
Let c(j) = -j**2 - 15*j - 27. Determine c(-17).
-61
Let l(q) = q**2 - 3*q - 89. What is l(0)?
-89
Let a(q) = q**2 + 45*q + 101. Determine a(-43).
15
Let s(t) = -t**3 - 10*t**2 - 7*t + 2. Give s(-9).
-16
Let t(y) = -2*y - 10. Calculate t(-2).
-6
Let m(i) = i**3 + 3*i**2 - 3*i - 5. Determine m(-2).
5
Let r(z) = -z**2 - 6*z - 21. Give r(-10).
-61
Let z(c) = c**3 + c + 7. Calculate z(0).
7
Let j(v) = v**2 + 11*v + 11. Calculate j(-11).
11
Let r(c) = -2*c - 14. Give r(11).
-36
Let y(o) = 5*o - 3. Calculate y(1).
2
Let f(d) = -d**2 + 35*d - 137. Determine f(30).
13
Let g(d) = -4*d + 5. Determine g(5).
-15
Let z(l) = l - 8. Calculate z(3).
-5
Let n(g) = 68*g - 1. Give n(1).
67
Let b(m) = -m + 4. Give b(-4).
8
Let n(g) = -5*g**2 + 3*g. Give n(3).
-36
Let b(a) = -2*a**3 - a**2 + 4*a - 3. Give b(2).
-15
Let s(o) = 6*o + 6. What is s(-7)?
-36
Let a(m) = m**2 + 7*m + 5. Calculate a(-4).
-7
Let h(k) = -k**2 + 11*k + 17. Determine h(9).
35
Let y(c) = 2*c + 8. Give y(-6).
-4
Let r(a) = 5*a + 5. Calculate r(8).
45
Let t(r) = -3*r - 3. What is t(7)?
-24
Let b(l) = -l**2 - 12*l - 29. Calculate b(-7).
6
Let q(u) = -31*u + 678. Determine q(22).
-4
Let d(l) = -l**3 - 22*l**2 - 2*l - 44. Determine d(-22).
0
Let q(h) = -h - 2. What is q(14)?
-16
Let v(w) = w**3 - 8*w**2 - 6*w + 3. Determine v(8).
-45
Let o(z) = -3*z**2 + 30*z - 73. What is o(5)?
2
Let s(x) = x**3 + 6*x**2 + 11*x - 3. What is s(-6)?
-69
Let p(r) = 3*r**2 - r - 2. Give p(-3).
28
Let g(t) = -2*t**2 + 4*t. Give g(4).
-16
Let g(t) = 8*t - 5. Give g(-5).
-45
Let p(k) = -k**3 + 12*k**2 - 9*k - 15. What is p(11)?
7
Let k(y) = -y**2 + 12*y - 12. What is k(11)?
-1
Let x(k) = 3*k - 11. Determine x(6).
7
Let p(n) = 8*n + 36. Calculate p(-4).
4
Let q(v) = 6*v - 28. Calculate q(5).
2
Let k(u) = -u**3 - 15*u**2 + 3*u - 12. Give k(-15).
-57
Let d(z) = -3*z**3 - z + 4. Give d(-2).
30
Let k(m) = m**3 + 9*m**2 + 10*m + 9. What is k(-8)?
-7
Let s(x) = -x**3 - 2*x**2 + 2*x + 12. Calculate s(-5).
77
Let d(p) = -7*p**2 + 6*p - 4. What is d(1)?
-5
Let k(g) = -g**3 - 2*g**2 + g. Calculate k(-3).
6
Let s(t) = 32*t + 313. Calculate s(-10).
-7
Let m(o) = -o**3 + 7*o**2 - 8*o + 7. Determine m(6).
-5
Let s(j) = j**3 + 32*j**2 + 28*j - 79. Calculate s(-31).
14
Let h(a) = -8*a - 57. What is h(-7)?
-1
Let h(p) = -2*p**2 + 13*p - 11. Determine h(6).
-5
Let z(b) = 13*b + 32. What is z(-6)?
-46
Let p(a) = a**2 - 7*a + 13. Give p(4).
1
Let f(s) = -s**3 - 9*s**2 + 14*s + 15. What is f(-10)?
-25
Let f(n) = -37*n - 1586. Give f(-43).
5
Let d(h) = -h**3 - 7*h**2 - 11*h - 7. Give d(-5).
-2
Let v(g) = -g**3 - 4*g**2 + 11*g + 47. Calculate v(-4).
3
Let f(z) = -z - 18. What is f(-6)?
-12
Let m(f) = f + 1. Calculate m(7).
8
Let u(h) = -8*h - 24. Give u(5).
-64
Let p(n) = -n**2 + 10. Calculate p(0).
10
Let l(k) = k**2 - 14*k - 15. Calculate l(13).
-28
Let n(p) = -p**2 - 11*p + 13. Determine n(-10).
23
Let r(d) = -10*d**2 - 2*d - 1. Determine r(-1).
-9
Let s(o) = 2*o**2 - 29*o - 27. Give s(15).
-12
Let y(p) = -p**3 - 7*p**2 - 4*p + 4. Determine y(-5).
-26
Let k(p) = 3*p - 7. Calculate k(7).
14
Let m(y) = y**2 + 18*y - 86. Calculate m(-22).
2
Let a(v) = 9*v - 90. What is a(10)?
0
Let n(m) = -m - 9. Give n(-10).
1
Let n(u) = u**3 + 7*u**2 - 4*u - 2. Determine n(-8).
-34
Let y(i) = 2*i**3 + 9*i**2 + 11*i + 12. Give y(-5).
-68
Let k(n) = -2*n**2 - 3*n + 4. Determine k(-5).
-31
Let c(j) = 2*j**2 + 27*j - 17. Determine c(-14).
-3
Let q(g) = 40*g + 521. Determine q(-13).
1
Let h(c) = c**2 - 30*c - 12. What is h(30)?
-12
Let y(c) = -c**2 - 2*c + 16. What is y(4)?
-8
Let c(a) = -2*a**3 + 5*a**2 + 5*a + 3. Give c(3).
9
Let u(a) = a + 19. What is u(10)?
29
Let r(q) = -q**2 + 6*q - 4. Determine r(3).
5
Let z(k) = 4*k - 5. Determine z(-2).
-13
Let m(h) = h**3 + 6*h**2 - 3. Determine m(-6).
-3
Let o(g) = g + 3. Calculate o(9).
12
Let z(x) = -12*x - 123. Give z(-10).
-3
Let p(i) = -i**3 + 3*i**2 + 8*i + 5. Give p(6).
-55
Let x(k) = 152*k + 1209. What is x(-8)?
-7
Let q(n) = -3*n + 3. What is q(3)?
-6
Let q(b) = 2*b**3 - 9*b**2 - 8*b - 62. What is q(6)?
-2
Let d(r) = -r**2 - 15*r - 10. Give d(-13).
16
Let n(g) = g**3 + 18*g**2 + 31*g - 38. Determine n(-16).
-22
Let z(h) = h**2 + 2*h - 20. Determine z(-6).
4
Let y(d) = -d**2 + d + 74. Calculate y(-8).
2
Let b(v) = v**2 + 29*v - 133. Calculate b(-33).
-1
Let k(t) = t**3 + 6*t**2 - 8*t - 6. Give k(-7).
1
Let j(u) = u**3 + 3*u + 12. Calculate j(-2).
-2
Let o(d) = -d**3 + 6*d**2 + d + 4. Determine o(6).
10
Let u(c) = 14*c**3 - 2*c + 2. Give u(1).
14
Let o(n) = -2*n**3 + 9*n**2 - n - 18. Calculate o(3).
6
Let s(p) = -37*p + 208. What is s(6)?
-14
Let c(l) = l**2 + 19*l + 27. Determine c(-18).
9
Let u(c) = -16*c - 216. Give u(-13).
-8
Let q(p) = -3*p**2 + 8*p - 16. Give q(5).
-51
Let t(x) = x**2 - 5*x + 2. Give t(11).
68
Let h(c) = -c**2 + 28*c - 158. Calculate h(20).
2
Let n(q) = 34*q - 2. What is n(0)?
-2
Let v(i) = 2*i**2 + 34*i - 69. Give v(-19).
7
Let n(d) = 8*d - 7. What is n(-5)?
-47
Let t(m) = -4*m - 33. What is t(-18)?
39
Let f(r) = r**3 - 13*r**2 - r + 6. What is f(13)?
-7
Let y(u) = 2*u**3 + 3*u**2. Calculate y(-3).
-27
Let f(k) = k**3 + 8*k**2 - 21*k - 25. Determine f(-10).
-15
Let g(i) = i**3 + 2*i**2 - 5*i - 2. Determine g(-4).
-14
Let o(w) = 2*w**3 - 18*w**2 + 15*w + 5. Calculate o(8).
-3
Let k(y) = -y**2 + 18*y - 80. Determine k(12).
-8
Let c(p) = 4*p**2 - 3*p + 3. Determine c(2).
13
Let q(l) = l**2 + 14*l + 47. Give q(-3).
14
Let q(o) = 6*o - 27. Calculate q(6).
9
Let h(s) = s**2 - 4*s - 1. What is h(10)?
59
Let z(h) = -2*h**3 + 4*h. What is z(-2)?
8
Let y(g) = -3*g + 4. Give y(-7).
25
Let t(u) = u**3 + 9*u**2 + 10*u + 8. Determine t(-8).
-8
Let s(h) = h**3 - h - 9. Calculate s(0).
-9
Let t(c) = -24*c - 8. Calculate t(-2).
40
Let i(a) = -a**3 - 5*a**2 - 4*a - 7. Calculate i(-5).
13
Let n(v) = v**3 - 11*v**2 + v + 14. Determine n(11).
25
Let m(w) = -2*w**2 + 6*w + 34. Give m(6).
-2
Let o(r) = r**3 - 7*r**2 - 19*r + 15. What is o(9)?
6
Let w(k) = k**2 - 13*k + 37. What is w(7)?
-5
Let v(g) = g**3 - 3*g**2 - 3*g - 2. Calculate v(3).
-11
Let a(m) = -17*m**3 - m**2 - 3*m - 2. Determine a(-2).
136
Let f(i) = -8*i - 189. Give f(-21).
-21
Let p(m) = -32*m + 285. Calculate p(9).
-3
Let q(k) = -4*k**2 + 3*k - 2. Give q(1).
-3
Let g(t) = -t + 31. Calculate g(23).
8
Let p(c) = 3*c. Determine p(1).
3
Let c(q) = -q